e factors of -2 + ((-86)/6)/((-1)/114).
2, 3, 17
Let y = 15 + -21. Let h be (y - 3)*4/(-3). What are the prime factors of (-37)/(-13) + h/78?
3
Suppose -17*t = -20*t - 18. List the prime factors of t/21*(-42 - -7).
2, 5
Let w(f) = 5*f**3 - f**2 - 2*f + 13. List the prime factors of w(0).
13
Let m be (-738)/(-2) + -2 + 1. Suppose s + w = -98, -3*w + m = -4*s + w. Let d = -66 - s. List the prime factors of d.
29
Suppose 0 = -4*d - d + 20, g - 2*d = -28. Let z = g + 15. Let h = z - -10. List the prime factors of h.
5
Let x(o) = o**2 - 12*o + 18. Let k be (-2)/(2/(1 + 1)). Let y = 14 + k. List the prime factors of x(y).
2, 3
Let g(c) be the second derivative of c**3/3 - 3*c**2/2 + 332*c. Let m be ((-6)/(-4))/(6/56). List the prime factors of g(m).
5
Let s(g) = g**2 + 6*g - 2. Let h be s(-7). Suppose -5*q + 0*a = 5*a + 20, a = h. Let l = q + 34. List the prime factors of l.
5
What are the prime factors of -21*(-380)/(-15)*(-6 + 1)?
2, 5, 7, 19
Suppose -2*n = -9 - 17. Let h = 111 + n. What are the prime factors of h?
2, 31
Suppose -35*l + 70848 = -11*l. List the prime factors of l.
2, 3, 41
Let i(u) = -u**3 - 23*u**2 - 39*u - 1. Let p be i(-21). Let c = -21 - p. What are the prime factors of c?
43
Let f = 521 + -185. Suppose 11*x - 1337 = -f. List the prime factors of x.
7, 13
Suppose 3*c + 27 = -0*c. Let j = -9 - c. Let n = 6 + j. What are the prime factors of n?
2, 3
Let y = -679 + 1092. List the prime factors of y.
7, 59
Suppose -3*g + 4108 + 3818 = 0. List the prime factors of g.
2, 1321
Let w be -1 - (7 + -4) - -10. List the prime factors of 9/2*(-4)/w - -100.
97
Let b = -11 - -9. Let w be b*(3 + 47/(-2)). Let i = w - -5. List the prime factors of i.
2, 23
Let z = -160 - -435. What are the prime factors of z?
5, 11
Let z(k) = -k**2 - k + 37. Let x be z(0). Suppose 3*n - 3*l - 31 = -n, -3*n + 5*l = -x. Let s = 0 + n. List the prime factors of s.
2
Let t(p) = p**3 + 15*p**2 + 32*p + 106. What are the prime factors of t(-6)?
2, 7, 17
Suppose -y + 11*f + 745 = 6*f, -2*y - f + 1523 = 0. List the prime factors of y.
2, 5, 19
Let d(f) = -3*f**3 - 42*f - 171. List the prime factors of d(-6).
3
Suppose 0 = 6*m - 3*m + i - 4141, 4*i = -5*m + 6904. List the prime factors of m.
2, 3, 5, 23
Suppose 5*b - 29 = -2*l, 10 = 4*l + 2*b - 40. Let p = 26 - l. What are the prime factors of p?
2, 7
Let v(u) = -106*u - 147. List the prime factors of v(-23).
29, 79
Let o be ((-4)/8)/1*-10. Suppose 7*q - 3*q = -o*y + 469, 4*q = 5*y + 499. What are the prime factors of q?
11
Let v = 29 - 27. Suppose 0 = -v*h + s + 129, 2*h - 14 = 5*s + 103. What are the prime factors of h?
2, 3, 11
Suppose -4*x = -5*t + 6*t - 1618, t + 2 = 0. What are the prime factors of x?
3, 5
Suppose -o + 9 = -2*q, 3*o - 5*o = 4*q + 14. What are the prime factors of (5 + o)*12/9?
2
Suppose 30*h + 288 = 38*h. What are the prime factors of h?
2, 3
Suppose 28*i - 4664 = 4296. List the prime factors of i.
2, 5
Let w be (0 + 32)/(7/70). Suppose 0 = -3*d + 5*l + 186, -8*l + 3*l = -5*d + w. What are the prime factors of d?
67
Suppose 5*i + 2 - 9 = -2*n, -3 = -3*n. What are the prime factors of -2*i*(-44)/8?
11
Let a(u) = 7*u**2 + 6*u + 2. Let j be a(-4). Suppose -b + 3*b = j. List the prime factors of b.
3, 5
Let c(h) = -11*h**2 - 4*h - 6. Let k be c(-3). Let x = -44 - k. List the prime factors of x.
7
What are the prime factors of (-21)/((-3312)/472 + 7)?
3, 7, 59
Suppose k + 0 = -2. Let h = k + 4. Suppose h*s - 4*i = 14, 0*s - 2*i = 4*s - 18. What are the prime factors of s?
5
Let f(w) = -4*w - 29. Let h be f(-10). Let d(u) = 20*u - 42. List the prime factors of d(h).
2, 89
Suppose 3*i = -16*r + 13*r + 4449, 0 = -4*r - 2*i + 5926. List the prime factors of r.
2, 5, 37
Let w(k) = -k**3 + 10*k**2 + 45*k + 2. Let i be w(13). Suppose g + 3*y + 0 = -1, -4*y - 14 = -5*g. Suppose -7*r + i = -g*r. List the prime factors of r.
2
Suppose 5*q = -3*x + 667, 0 = -x - 3 + 2. What are the prime factors of q?
2, 67
Let r(d) = -d**3 - 3*d**2 + 4*d + 5. Let v be r(-4). Let y = v - 3. Suppose 0 = -0*l + y*l - 76. What are the prime factors of l?
2, 19
List the prime factors of 1/((-136)/1278 - 7/(-63)).
3, 71
Let u = -6 + 16. Let z = 13 - u. Suppose -3*q - t + 38 = 4*t, z*t = -4*q + 69. List the prime factors of q.
3, 7
Let j = 770 - 140. List the prime factors of j.
2, 3, 5, 7
List the prime factors of (8/16)/((-1 + 2)/34).
17
Let q(o) = -61*o + 1. Let p be q(-2). Let v = p + -70. What are the prime factors of v?
53
Let b = -62 - -56. List the prime factors of ((-5504)/(-6))/8 - 2/b.
5, 23
What are the prime factors of -3*2990/(-15) + (3 - 2)?
599
Suppose 7 = 6*o - 11. Suppose 3*d - 2*s - 172 = 0, -o*d + 2*d = -s - 56. What are the prime factors of d?
2, 3, 5
Let d(b) be the first derivative of -2*b**3/3 - 7*b**2 + 9*b - 4. Let j be d(-8). What are the prime factors of 9/((21/(-16))/j)?
2, 3
Suppose q = 352 - 132. List the prime factors of q.
2, 5, 11
Let b = -1791 + 3446. List the prime factors of b.
5, 331
Suppose -w = -3*n - 9, 4*n - 4 + 17 = w. What are the prime factors of n - -8*3/1?
2, 5
Let a = -1675 - -4701. What are the prime factors of a?
2, 17, 89
Let s(q) = -3*q**3 + 83*q**2 - 11*q. What are the prime factors of s(26)?
2, 7, 13, 17
Suppose -g - f = -231, 5*f = 2*g - 6*g + 927. Suppose g - 60 = 3*a. What are the prime factors of a?
2, 7
Suppose 16*u - 7901 = 1091. What are the prime factors of u?
2, 281
Let q(m) = -4*m + 9. Let i(f) = -5*f + 10. Let r(l) = -5*i(l) + 6*q(l). What are the prime factors of r(6)?
2, 5
List the prime factors of (-45160)/(-64) - (-9)/24.
2, 353
Suppose -5*z - 57 = 33. Let m be (z/(-30))/((-3)/(-15)). Suppose 4*x - 38 = m*x. List the prime factors of x.
2, 19
Suppose -16 = -7*n + 5. Suppose -362 = -7*x + n*x + 2*q, -4*x + 387 = 3*q. What are the prime factors of x?
3, 31
Suppose -19*l = -24*l + 10. Suppose 2*q + 16 = 3*c - l*c, 2*c - 2*q - 42 = 0. What are the prime factors of c?
2, 13
Let i(h) = -h**3 + 5*h**2 + 6*h + 2. Let u be i(6). Suppose -5*f - 3*p = p + 23, 3*p = -u*f - 5. What are the prime factors of ((-16)/2)/(f + 6)?
2
Suppose 2*p - 3*x = 27, -5*p + 2*x = 7*x - 130. List the prime factors of (-7)/p - (-200)/6.
3, 11
What are the prime factors of ((-15)/4)/(55/(-34980))?
3, 5, 53
Let l(b) = 3*b**2 - 3*b - 10. Let w(x) = -7*x - 36. Let m be w(-6). What are the prime factors of l(m)?
2, 5
Suppose t + 4*s = 788, 2*s - 5*s - 2364 = -3*t. List the prime factors of t.
2, 197
Suppose -8 = 2*k + 2*k. List the prime factors of k/(1 + -7) - (-5800)/87.
67
Suppose 6*x - 2887 = -z + 4*x, -4*x = -20. List the prime factors of z.
3, 7, 137
What are the prime factors of 10 + -8 - (-1201 + 3 + -2)?
2, 601
Let r = 18 - 10. Let j(p) = -7 + p + 7 - r*p + p**2. What are the prime factors of j(9)?
2, 3
Suppose -1000 = 6*r + 1376. Let s = 593 + r. What are the prime factors of s?
197
Let g(j) = -2*j - 9. Let d be g(-6). Suppose -3*s = -d*w - 7*s + 27, 0 = 3*s. Suppose -x + 39 = w. List the prime factors of x.
2, 3, 5
Suppose 0 = 4*l - 3*j - 4837, 5*l + 3*j = -2*j + 6020. What are the prime factors of l?
17, 71
Let w(a) = -2*a**2 + 107*a + 45. What are the prime factors of w(28)?
3, 491
Let o = -12 - -13. List the prime factors of o*(109 + 0 + 4).
113
Let b(t) = 10. Let h = -9 + 11. Let c(v) = -v - 41. Let d(u) = h*c(u) + 9*b(u). What are the prime factors of d(-9)?
2, 13
Let j(q) = -235*q - 315. What are the prime factors of j(-17)?
2, 5, 23
Suppose -2*t - 4*h + h = -9, 5*t = 3*h + 33. Let q(j) = 27*j + 5. Let f be q(t). Suppose 5*w - 83 = f. What are the prime factors of w?
2, 5
Let f = -1731 - -2821. Suppose -4 = -2*t, 0*t + t + f = 4*c. List the prime factors of c.
3, 7, 13
Let d(z) = z**3 - 11*z**2 + 15*z - 14. Let m be d(10). Suppose -x + 11 = -m. Suppose -r + x = -1. What are the prime factors of r?
2, 3
Let d(j) be the second derivative of -j**5/20 + 2*j**4/3 - 9*j**2/2 + 27*j. List the prime factors of d(7).
2, 5
Let l = 4111 - 2563. What are the prime factors of l?
2, 3, 43
Let z(b) = 19*b**2 + 2*b. Let f be z(-2). Suppose x = f - 532. List the prime factors of x/(-11) + (-4)/(-22).
2, 3, 7
Let w(t) = 9*t - 24. Let p be w(5). Suppose -4*u - 2 - 2 = 0, -q - 4*u = -p. What are the prime factors of q?
5
Suppose 2*j - 4*h - 852 = 664, -h = -4*j + 3046. What are the prime factors of j?
